{"id":58,"date":"2021-11-09T13:21:28","date_gmt":"2021-11-09T12:21:28","guid":{"rendered":"https:\/\/tousalelysee.net\/?page_id=58"},"modified":"2022-02-24T15:46:45","modified_gmt":"2022-02-24T14:46:45","slug":"presse","status":"publish","type":"page","link":"https:\/\/tousalelysee.net\/index.php\/presse\/","title":{"rendered":"Presse"},"content":{"rendered":"\n<figure class=\"wp-block-image size-large is-resized\"><img loading=\"lazy\" decoding=\"async\" src=\"https:\/\/duckduckgo.com\/i\/e9138bef.png\" alt=\"\" width=\"146\" height=\"118\"\/><\/figure>\n\n\n\n<p><strong><a href=\"https:\/\/www.sudouest.fr\/charente-maritime\/saintes-jean-marie-matagne-entame-une-nouvelle-greve-de-la-faim-7612606.php\">Saintes&nbsp;: Jean-Marie Matagne entame une nouvelle gr\u00e8ve de la faim<\/a><\/strong><\/p>\n\n\n\n<figure class=\"wp-block-image size-full\"><img loading=\"lazy\" decoding=\"async\" width=\"1000\" height=\"500\" src=\"https:\/\/tousalelysee.net\/wp-content\/uploads\/2022\/01\/unnamed.jpg\" alt=\"\" class=\"wp-image-471\" srcset=\"https:\/\/tousalelysee.net\/wp-content\/uploads\/2022\/01\/unnamed.jpg 1000w, https:\/\/tousalelysee.net\/wp-content\/uploads\/2022\/01\/unnamed-300x150.jpg 300w, https:\/\/tousalelysee.net\/wp-content\/uploads\/2022\/01\/unnamed-768x384.jpg 768w, https:\/\/tousalelysee.net\/wp-content\/uploads\/2022\/01\/unnamed-600x300.jpg 600w\" sizes=\"auto, (max-width: 1000px) 100vw, 1000px\" \/><figcaption>Jean-Marie Matagne a profit\u00e9 de la manifestation anti-passe \u00e0 Saintes, samedi 8&nbsp;janvier, pour faire passer son message. \u00a9 Cr\u00e9dit photo : Philippe M\u00e9nard\/SUD OUEST<\/figcaption><\/figure>\n\n\n\n<p>Le Saintais, militant pour la d\u00e9nucl\u00e9arisation, rejoint l\u2019initiative de deux autres candidats \u00e0 l\u2019\u00e9lection pr\u00e9sidentielle en faveur d\u2019une candidature unique \u00e0 gauche.<\/p>\n\n\n\n<p>Jean-Marie Matagne a cess\u00e9 de s\u2019alimenter vendredi 7 janvier. Ce Saintais, pr\u00e9sident de l\u2019Action des citoyens pour le d\u00e9sarmement nucl\u00e9aire, s\u2019est port\u00e9 candidat \u00e0 l\u2019\u00e9lection pr\u00e9sidentielle pour porter un combat qui lui est cher, la d\u00e9nucl\u00e9arisation&#8230;<\/p>\n\n\n\n<p><a href=\"https:\/\/www.sudouest.fr\/charente-maritime\/saintes-jean-marie-matagne-entame-une-nouvelle-greve-de-la-faim-7612606.php\">Lire la suite<\/a><\/p>\n\n\n\n<p>sur le m\u00eame sujet :<\/p>\n\n\n\n<ul class=\"wp-block-list\"><li><a href=\"https:\/\/www.sudouest.fr\/charente-maritime\/un-saintais-candidat-a-l-election-presidentielle-pour-chasser-l-arme-nucleaire-6823910.php\" target=\"_blank\" rel=\"noreferrer noopener\"><strong>Un Saintais candidat \u00e0 l\u2019\u00e9lection pr\u00e9sidentielle pour chasser l\u2019arme nucl\u00e9aire<\/strong><\/a><\/li><li><a href=\"https:\/\/www.sudouest.fr\/charente-maritime\/covid-la-mobilisation-des-anti-passe-remonte-en-puissance-en-charente-maritime-7610335.php\" target=\"_blank\" rel=\"noreferrer noopener\"><strong>Covid&nbsp;: la mobilisation des anti-passe remonte en puissance en Charente-Maritime<\/strong><\/a><\/li><\/ul>\n\n\n\n<p><\/p>\n\n\n\n<figure class=\"wp-block-image size-large\"><img decoding=\"async\" src=\"https:\/\/upload.wikimedia.org\/wikipedia\/commons\/thumb\/6\/68\/Logo_reporterre.png\/320px-Logo_reporterre.png\" alt=\"\"\/><\/figure>\n\n\n\n<h1 class=\"wp-block-heading\" id=\"un-candidat-a-l-election-presidentielle-jean-marie-matagne-oppose-au-nucleaire-militaire\"><a href=\"https:\/\/reporterre.net\/Un-candidat-a-l-election-presidentielle-Jean-Marie-Matagne-oppose-au-nucleaire-militaire\">Un candidat \u00e0 l\u2019\u00e9lection pr\u00e9sidentielle, Jean-Marie Matagne, oppos\u00e9 au nucl\u00e9aire militaire<\/a><\/h1>\n\n\n\n<p>Pr\u00e9sident de l\u2019association Action des citoyens pour le d\u00e9sarmement nucl\u00e9aire (ACDN), Jean-Marie Matagne vient d\u2019officialiser sa candidature \u00e0 l\u2019\u00e9lection pr\u00e9sidentielle de 2022. Engag\u00e9 de longue date contre le nucl\u00e9aire, tant militaire que civil, cet habitant de Saintes, en Charente-Maritime, entend imposer ce sujet dans la campagne et porter le d\u00e9bat \u00e0 l\u2019\u00e9chelle du pays.<\/p>\n\n\n\n<p><em>\u00ab<small>&nbsp;<\/small>L\u2019objectif, c\u2019est de parler du d\u00e9sarmement nucl\u00e9aire, le plus grave probl\u00e8me que l\u2019Humanit\u00e9 ait \u00e0 r\u00e9soudre<small>&nbsp;<\/small>\u00bb<\/em> &#8230; <a href=\"https:\/\/reporterre.net\/Un-candidat-a-l-election-presidentielle-Jean-Marie-Matagne-oppose-au-nucleaire-militaire\">Lire la suite<\/a><\/p>\n\n\n\n<figure class=\"wp-block-image size-large is-resized\"><img loading=\"lazy\" decoding=\"async\" src=\"https:\/\/www.leparisien.fr\/pf\/resources\/images\/E-LOGO-LP-192x60@2x.png?d=365\" alt=\"\" width=\"111\" height=\"35\"\/><\/figure>\n\n\n\n<h2 class=\"wp-block-heading\" id=\"jean-marie-matagne-un-anti-nucleaire-candidat-a-la-presidentielle\">Jean-Marie Matagne, un anti-nucl\u00e9aire candidat \u00e0 la pr\u00e9sidentielle<\/h2>\n\n\n\n<p>Habitant de Saintes (Charente-Maritime), Jean-Marie Matagne vient d\u2019annoncer sa candidature \u00e0 l\u2019\u00e9lection pr\u00e9sidentielle de 2022.<\/p>\n\n\n\n<p><a href=\"https:\/\/www.leparisien.fr\/elections\/presidentielle\/jean-marie-matagne-un-anti-nucleaire-candidat-a-la-presidentielle-09-11-2021-FWEDEOFQMFAYNF3Z2Y6CLZBKC4.php\" data-type=\"URL\" data-id=\"https:\/\/www.leparisien.fr\/elections\/presidentielle\/jean-marie-matagne-un-anti-nucleaire-candidat-a-la-presidentielle-09-11-2021-FWEDEOFQMFAYNF3Z2Y6CLZBKC4.php\">Lire la suite &#8230;<\/a><\/p>\n\n\n\n<p><\/p>\n\n\n\n<p><\/p>\n\n\n\n<figure class=\"wp-block-image size-large is-resized\"><img loading=\"lazy\" decoding=\"async\" src=\"https:\/\/duckduckgo.com\/i\/e9138bef.png\" alt=\"\" width=\"100\" height=\"81\"\/><\/figure>\n\n\n\n\n\n<p><a href=\"https:\/\/www.sudouest.fr\/charente-maritime\/un-saintais-candidat-a-l-election-presidentielle-pour-chasser-l-arme-nucleaire-6823910.php\" data-type=\"URL\" data-id=\"https:\/\/www.sudouest.fr\/charente-maritime\/un-saintais-candidat-a-l-election-presidentielle-pour-chasser-l-arme-nucleaire-6823910.php\">Lire sur sudouest.fr<\/a><\/p>\n\n\n\n<p><\/p>\n\n\n\n<figure class=\"wp-block-image size-full is-resized\"><img loading=\"lazy\" decoding=\"async\" src=\"https:\/\/tousalelysee.net\/wp-content\/uploads\/2021\/11\/vidici-logo.jpg\" alt=\"\" class=\"wp-image-70\" width=\"105\" height=\"105\" srcset=\"https:\/\/tousalelysee.net\/wp-content\/uploads\/2021\/11\/vidici-logo.jpg 320w, https:\/\/tousalelysee.net\/wp-content\/uploads\/2021\/11\/vidici-logo-300x300.jpg 300w, https:\/\/tousalelysee.net\/wp-content\/uploads\/2021\/11\/vidici-logo-150x150.jpg 150w\" sizes=\"auto, (max-width: 105px) 100vw, 105px\" \/><\/figure>\n\n\n\n<div data-wp-interactive=\"core\/file\" class=\"wp-block-file\"><object data-wp-bind--hidden=\"!state.hasPdfPreview\" hidden class=\"wp-block-file__embed\" data=\"https:\/\/tousalelysee.net\/wp-content\/uploads\/2021\/11\/VIDICI-CITOYEN-SAINTES-NOV-2021.pdf\" type=\"application\/pdf\" style=\"width:100%;height:1111px\" aria-label=\"Embed of Embed of T\u00e9l\u00e9charger l&apos;article..\"><\/object><a id=\"wp-block-file--media-5d42378e-7f2a-477a-8b0a-59b853758b27\" href=\"https:\/\/tousalelysee.net\/index.php\/presse\/vidici-citoyen-saintes-nov-2021\/\" target=\"_blank\" rel=\"noreferrer noopener\">T\u00e9l\u00e9charger l&#8217;article<\/a><a href=\"https:\/\/tousalelysee.net\/wp-content\/uploads\/2021\/11\/VIDICI-CITOYEN-SAINTES-NOV-2021.pdf\" class=\"wp-block-file__button\" download aria-describedby=\"wp-block-file--media-5d42378e-7f2a-477a-8b0a-59b853758b27\">T\u00e9l\u00e9charger<\/a><\/div>\n\n\n\n<h2 class=\"wp-block-heading\"> <\/h2>\n\n\n\n<h2 class=\"wp-block-heading\"> <\/h2>\n\n\n\n<figure class=\"wp-block-image size-large\"><a href=\"https:\/\/www.le-littoral.com\/\"><img decoding=\"async\" src=\"https:\/\/www.le-littoral.com\/wp-content\/uploads\/sites\/2\/2020\/07\/Logo-Le-Littoral.jpg\" alt=\"\"\/><\/a><\/figure>\n\n\n\n<div data-wp-interactive=\"core\/file\" class=\"wp-block-file\"><object data-wp-bind--hidden=\"!state.hasPdfPreview\" hidden class=\"wp-block-file__embed\" data=\"https:\/\/tousalelysee.net\/wp-content\/uploads\/2022\/02\/Le-Littoral-18-fevrier-2022.pdf\" type=\"application\/pdf\" style=\"width:100%;height:600px\" aria-label=\"Embed of Embed of Le Littoral, 18 f\u00e9vrier 2022..\"><\/object><a id=\"wp-block-file--media-380af076-2d01-452f-b785-df4948bb482a\" href=\"https:\/\/tousalelysee.net\/wp-content\/uploads\/2022\/02\/Le-Littoral-18-fevrier-2022.pdf\">Le Littoral, 18 f\u00e9vrier 2022<\/a><a href=\"https:\/\/tousalelysee.net\/wp-content\/uploads\/2022\/02\/Le-Littoral-18-fevrier-2022.pdf\" class=\"wp-block-file__button\" download aria-describedby=\"wp-block-file--media-380af076-2d01-452f-b785-df4948bb482a\">T\u00e9l\u00e9charger<\/a><\/div>\n","protected":false},"excerpt":{"rendered":"<p>Saintes&nbsp;: Jean-Marie Matagne entame une nouvelle gr\u00e8ve de la faim Le Saintais, militant pour la d\u00e9nucl\u00e9arisation, rejoint l\u2019initiative de deux autres candidats \u00e0 l\u2019\u00e9lection pr\u00e9sidentielle en faveur d\u2019une candidature unique \u00e0 gauche. Jean-Marie Matagne a cess\u00e9 de s\u2019alimenter vendredi 7 janvier. Ce Saintais, pr\u00e9sident de l\u2019Action des citoyens pour le d\u00e9sarmement nucl\u00e9aire, s\u2019est port\u00e9 candidat [&hellip;]<\/p>\n","protected":false},"author":1,"featured_media":0,"parent":0,"menu_order":0,"comment_status":"closed","ping_status":"closed","template":"","meta":{"footnotes":""},"class_list":["post-58","page","type-page","status-publish","hentry"],"yoast_head":"<!-- This site is optimized with the Yoast SEO plugin v24.9 - https:\/\/yoast.com\/wordpress\/plugins\/seo\/ -->\n<title>Presse - Tous \u00e0 l&#039;\u00c9lys\u00e9e<\/title>\n<meta name=\"robots\" content=\"index, follow, max-snippet:-1, max-image-preview:large, max-video-preview:-1\" \/>\n<link rel=\"canonical\" href=\"https:\/\/tousalelysee.net\/index.php\/presse\/\" \/>\n<meta property=\"og:locale\" content=\"en_US\" \/>\n<meta property=\"og:type\" content=\"article\" \/>\n<meta property=\"og:title\" content=\"Presse - Tous \u00e0 l&#039;\u00c9lys\u00e9e\" \/>\n<meta property=\"og:description\" content=\"Saintes&nbsp;: Jean-Marie Matagne entame une nouvelle gr\u00e8ve de la faim Le Saintais, militant pour la d\u00e9nucl\u00e9arisation, rejoint l\u2019initiative de deux autres candidats \u00e0 l\u2019\u00e9lection pr\u00e9sidentielle en faveur d\u2019une candidature unique \u00e0 gauche. Jean-Marie Matagne a cess\u00e9 de s\u2019alimenter vendredi 7 janvier. Ce Saintais, pr\u00e9sident de l\u2019Action des citoyens pour le d\u00e9sarmement nucl\u00e9aire, s\u2019est port\u00e9 candidat [&hellip;]\" \/>\n<meta property=\"og:url\" content=\"https:\/\/tousalelysee.net\/index.php\/presse\/\" \/>\n<meta property=\"og:site_name\" content=\"Tous \u00e0 l&#039;\u00c9lys\u00e9e\" \/>\n<meta property=\"article:modified_time\" content=\"2022-02-24T14:46:45+00:00\" \/>\n<meta property=\"og:image\" content=\"https:\/\/duckduckgo.com\/i\/e9138bef.png\" \/>\n<meta name=\"twitter:card\" content=\"summary_large_image\" \/>\n<meta name=\"twitter:label1\" content=\"Est. reading time\" \/>\n\t<meta name=\"twitter:data1\" content=\"3 minutes\" \/>\n<script type=\"application\/ld+json\" class=\"yoast-schema-graph\">{\"@context\":\"https:\/\/schema.org\",\"@graph\":[{\"@type\":\"WebPage\",\"@id\":\"https:\/\/tousalelysee.net\/index.php\/presse\/\",\"url\":\"https:\/\/tousalelysee.net\/index.php\/presse\/\",\"name\":\"Presse - Tous \u00e0 l&#039;\u00c9lys\u00e9e\",\"isPartOf\":{\"@id\":\"https:\/\/tousalelysee.net\/#website\"},\"primaryImageOfPage\":{\"@id\":\"https:\/\/tousalelysee.net\/index.php\/presse\/#primaryimage\"},\"image\":{\"@id\":\"https:\/\/tousalelysee.net\/index.php\/presse\/#primaryimage\"},\"thumbnailUrl\":\"https:\/\/duckduckgo.com\/i\/e9138bef.png\",\"datePublished\":\"2021-11-09T12:21:28+00:00\",\"dateModified\":\"2022-02-24T14:46:45+00:00\",\"breadcrumb\":{\"@id\":\"https:\/\/tousalelysee.net\/index.php\/presse\/#breadcrumb\"},\"inLanguage\":\"en-US\",\"potentialAction\":[{\"@type\":\"ReadAction\",\"target\":[\"https:\/\/tousalelysee.net\/index.php\/presse\/\"]}]},{\"@type\":\"ImageObject\",\"inLanguage\":\"en-US\",\"@id\":\"https:\/\/tousalelysee.net\/index.php\/presse\/#primaryimage\",\"url\":\"https:\/\/duckduckgo.com\/i\/e9138bef.png\",\"contentUrl\":\"https:\/\/duckduckgo.com\/i\/e9138bef.png\"},{\"@type\":\"BreadcrumbList\",\"@id\":\"https:\/\/tousalelysee.net\/index.php\/presse\/#breadcrumb\",\"itemListElement\":[{\"@type\":\"ListItem\",\"position\":1,\"name\":\"Accueil\",\"item\":\"https:\/\/tousalelysee.net\/\"},{\"@type\":\"ListItem\",\"position\":2,\"name\":\"Presse\"}]},{\"@type\":\"WebSite\",\"@id\":\"https:\/\/tousalelysee.net\/#website\",\"url\":\"https:\/\/tousalelysee.net\/\",\"name\":\"Tous \u00e0 l'\u00c9lys\u00e9e\",\"description\":\"Comit\u00e9 de soutien \u00e0 la candidature de Jean Marie Matagne\",\"publisher\":{\"@id\":\"https:\/\/tousalelysee.net\/#\/schema\/person\/825a2edf2e31377a5d7011698950494c\"},\"potentialAction\":[{\"@type\":\"SearchAction\",\"target\":{\"@type\":\"EntryPoint\",\"urlTemplate\":\"https:\/\/tousalelysee.net\/?s={search_term_string}\"},\"query-input\":{\"@type\":\"PropertyValueSpecification\",\"valueRequired\":true,\"valueName\":\"search_term_string\"}}],\"inLanguage\":\"en-US\"},{\"@type\":[\"Person\",\"Organization\"],\"@id\":\"https:\/\/tousalelysee.net\/#\/schema\/person\/825a2edf2e31377a5d7011698950494c\",\"name\":\"Jean-Marie Matagne\",\"image\":{\"@type\":\"ImageObject\",\"inLanguage\":\"en-US\",\"@id\":\"https:\/\/tousalelysee.net\/#\/schema\/person\/image\/\",\"url\":\"https:\/\/secure.gravatar.com\/avatar\/ce7b23af69c7ad417200622d5999f588e50c14977aec8104613b9036a66a9eb5?s=96&d=mm&r=g\",\"contentUrl\":\"https:\/\/secure.gravatar.com\/avatar\/ce7b23af69c7ad417200622d5999f588e50c14977aec8104613b9036a66a9eb5?s=96&d=mm&r=g\",\"caption\":\"Jean-Marie Matagne\"},\"logo\":{\"@id\":\"https:\/\/tousalelysee.net\/#\/schema\/person\/image\/\"}}]}<\/script>\n<!-- \/ Yoast SEO plugin. -->","yoast_head_json":{"title":"Presse - Tous \u00e0 l&#039;\u00c9lys\u00e9e","robots":{"index":"index","follow":"follow","max-snippet":"max-snippet:-1","max-image-preview":"max-image-preview:large","max-video-preview":"max-video-preview:-1"},"canonical":"https:\/\/tousalelysee.net\/index.php\/presse\/","og_locale":"en_US","og_type":"article","og_title":"Presse - Tous \u00e0 l&#039;\u00c9lys\u00e9e","og_description":"Saintes&nbsp;: Jean-Marie Matagne entame une nouvelle gr\u00e8ve de la faim Le Saintais, militant pour la d\u00e9nucl\u00e9arisation, rejoint l\u2019initiative de deux autres candidats \u00e0 l\u2019\u00e9lection pr\u00e9sidentielle en faveur d\u2019une candidature unique \u00e0 gauche. Jean-Marie Matagne a cess\u00e9 de s\u2019alimenter vendredi 7 janvier. Ce Saintais, pr\u00e9sident de l\u2019Action des citoyens pour le d\u00e9sarmement nucl\u00e9aire, s\u2019est port\u00e9 candidat [&hellip;]","og_url":"https:\/\/tousalelysee.net\/index.php\/presse\/","og_site_name":"Tous \u00e0 l&#039;\u00c9lys\u00e9e","article_modified_time":"2022-02-24T14:46:45+00:00","og_image":[{"url":"https:\/\/duckduckgo.com\/i\/e9138bef.png","type":"","width":"","height":""}],"twitter_card":"summary_large_image","twitter_misc":{"Est. reading time":"3 minutes"},"schema":{"@context":"https:\/\/schema.org","@graph":[{"@type":"WebPage","@id":"https:\/\/tousalelysee.net\/index.php\/presse\/","url":"https:\/\/tousalelysee.net\/index.php\/presse\/","name":"Presse - Tous \u00e0 l&#039;\u00c9lys\u00e9e","isPartOf":{"@id":"https:\/\/tousalelysee.net\/#website"},"primaryImageOfPage":{"@id":"https:\/\/tousalelysee.net\/index.php\/presse\/#primaryimage"},"image":{"@id":"https:\/\/tousalelysee.net\/index.php\/presse\/#primaryimage"},"thumbnailUrl":"https:\/\/duckduckgo.com\/i\/e9138bef.png","datePublished":"2021-11-09T12:21:28+00:00","dateModified":"2022-02-24T14:46:45+00:00","breadcrumb":{"@id":"https:\/\/tousalelysee.net\/index.php\/presse\/#breadcrumb"},"inLanguage":"en-US","potentialAction":[{"@type":"ReadAction","target":["https:\/\/tousalelysee.net\/index.php\/presse\/"]}]},{"@type":"ImageObject","inLanguage":"en-US","@id":"https:\/\/tousalelysee.net\/index.php\/presse\/#primaryimage","url":"https:\/\/duckduckgo.com\/i\/e9138bef.png","contentUrl":"https:\/\/duckduckgo.com\/i\/e9138bef.png"},{"@type":"BreadcrumbList","@id":"https:\/\/tousalelysee.net\/index.php\/presse\/#breadcrumb","itemListElement":[{"@type":"ListItem","position":1,"name":"Accueil","item":"https:\/\/tousalelysee.net\/"},{"@type":"ListItem","position":2,"name":"Presse"}]},{"@type":"WebSite","@id":"https:\/\/tousalelysee.net\/#website","url":"https:\/\/tousalelysee.net\/","name":"Tous \u00e0 l'\u00c9lys\u00e9e","description":"Comit\u00e9 de soutien \u00e0 la candidature de Jean Marie Matagne","publisher":{"@id":"https:\/\/tousalelysee.net\/#\/schema\/person\/825a2edf2e31377a5d7011698950494c"},"potentialAction":[{"@type":"SearchAction","target":{"@type":"EntryPoint","urlTemplate":"https:\/\/tousalelysee.net\/?s={search_term_string}"},"query-input":{"@type":"PropertyValueSpecification","valueRequired":true,"valueName":"search_term_string"}}],"inLanguage":"en-US"},{"@type":["Person","Organization"],"@id":"https:\/\/tousalelysee.net\/#\/schema\/person\/825a2edf2e31377a5d7011698950494c","name":"Jean-Marie Matagne","image":{"@type":"ImageObject","inLanguage":"en-US","@id":"https:\/\/tousalelysee.net\/#\/schema\/person\/image\/","url":"https:\/\/secure.gravatar.com\/avatar\/ce7b23af69c7ad417200622d5999f588e50c14977aec8104613b9036a66a9eb5?s=96&d=mm&r=g","contentUrl":"https:\/\/secure.gravatar.com\/avatar\/ce7b23af69c7ad417200622d5999f588e50c14977aec8104613b9036a66a9eb5?s=96&d=mm&r=g","caption":"Jean-Marie Matagne"},"logo":{"@id":"https:\/\/tousalelysee.net\/#\/schema\/person\/image\/"}}]}},"_links":{"self":[{"href":"https:\/\/tousalelysee.net\/index.php\/wp-json\/wp\/v2\/pages\/58","targetHints":{"allow":["GET"]}}],"collection":[{"href":"https:\/\/tousalelysee.net\/index.php\/wp-json\/wp\/v2\/pages"}],"about":[{"href":"https:\/\/tousalelysee.net\/index.php\/wp-json\/wp\/v2\/types\/page"}],"author":[{"embeddable":true,"href":"https:\/\/tousalelysee.net\/index.php\/wp-json\/wp\/v2\/users\/1"}],"replies":[{"embeddable":true,"href":"https:\/\/tousalelysee.net\/index.php\/wp-json\/wp\/v2\/comments?post=58"}],"version-history":[{"count":19,"href":"https:\/\/tousalelysee.net\/index.php\/wp-json\/wp\/v2\/pages\/58\/revisions"}],"predecessor-version":[{"id":557,"href":"https:\/\/tousalelysee.net\/index.php\/wp-json\/wp\/v2\/pages\/58\/revisions\/557"}],"wp:attachment":[{"href":"https:\/\/tousalelysee.net\/index.php\/wp-json\/wp\/v2\/media?parent=58"}],"curies":[{"name":"wp","href":"https:\/\/api.w.org\/{rel}","templated":true}]}}